{"id":16,"date":"2025-09-23T20:57:43","date_gmt":"2025-09-23T18:57:43","guid":{"rendered":"https:\/\/alabruzzo.it\/?page_id=16"},"modified":"2026-04-03T18:03:21","modified_gmt":"2026-04-03T16:03:21","slug":"homepage","status":"publish","type":"page","link":"https:\/\/alabruzzo.it\/","title":{"rendered":"HOMEPAGE"},"content":{"rendered":"\n<p><img loading=\"lazy\" decoding=\"async\" class=\"alignnone size-full wp-image-272\" src=\"https:\/\/alabruzzo.it\/wp-content\/uploads\/2026_tesseramento.jpeg\" alt=\"\" width=\"1447\" height=\"1447\" srcset=\"https:\/\/alabruzzo.it\/wp-content\/uploads\/2026_tesseramento.jpeg 1447w, https:\/\/alabruzzo.it\/wp-content\/uploads\/2026_tesseramento-300x300.jpeg 300w, https:\/\/alabruzzo.it\/wp-content\/uploads\/2026_tesseramento-1024x1024.jpeg 1024w, https:\/\/alabruzzo.it\/wp-content\/uploads\/2026_tesseramento-150x150.jpeg 150w, https:\/\/alabruzzo.it\/wp-content\/uploads\/2026_tesseramento-768x768.jpeg 768w, https:\/\/alabruzzo.it\/wp-content\/uploads\/2026_tesseramento-80x80.jpeg 80w, https:\/\/alabruzzo.it\/wp-content\/uploads\/2026_tesseramento-320x320.jpeg 320w, https:\/\/alabruzzo.it\/wp-content\/uploads\/2026_tesseramento-720x720.jpeg 720w, https:\/\/alabruzzo.it\/wp-content\/uploads\/2026_tesseramento-520x520.jpeg 520w\" sizes=\"auto, (max-width: 1447px) 100vw, 1447px\" \/><\/p>\n\n\n\n<p><img decoding=\"async\" src=\"https:\/\/alabruzzo.it\/wp-content\/uploads\/2026_loc_pasqua_a.jpg\" height=\"100%\"><\/p>\n<p><img decoding=\"async\" src=\"https:\/\/alabruzzo.it\/wp-content\/uploads\/2026_loc_pasqua_b.jpg\" height=\"100%\"><\/p>\n\n\n\n\n\n<h2><span style=\"color: #800000;\">L\u2019<strong>Associazione Regionale Contro le Leucemie<\/strong>, rappresenta i malati ematologici e tutela i loro diritti, affermando la priorit\u00e0 sociale della SALUTE.<\/span><\/h2>\n<div>&nbsp;<\/div>\n<div><span style=\"color: #000000;\">L\u2019Associazione &nbsp;ha per scopo, l\u2019organizzazione ed il miglioramento dei servizi e dell\u2019assistenza socio-sanitaria in favore dei leucemici ed altri emopatici e delle loro famiglie. &nbsp;<\/span><\/div>\n<div>&nbsp;<\/div>\n<div><span style=\"color: #000000;\">In particolare, l\u2019Associazione \u00e8 impegnata nel miglioramento dei servizi, delle strutture e delle attrezzature, nell\u2019assistenza sanitaria e sociale in favore dei leucemici, degli emopatici e delle loro famiglie.<\/span><\/div>\n<div>&nbsp;<\/div>\n<div><span style=\"color: #000000;\">&nbsp;Sin da marzo 2000 l\u2019ex &nbsp;Casa di Accoglienza dell\u2019A.L. Abruzzo, ha ospitato i pazienti in cura Presso il Dipartimento di Ematologia ed i loro accompagnatori che non risiedevano in citt\u00e0.<\/span><\/div>\n<div>&nbsp;<\/div>\n<div><span style=\"color: #000000;\">&nbsp;L\u2019A.L. Abruzzo mantiene viva la sua vocazione umanitaria e rimane punto di riferimento per i pazienti, specialmente per coloro i quali si trovano ad affrontare un profondo disagio economico e sociale, attraverso strutture convenzionate e\/o per mezzo di rimborsi spese, per mitigare al massimo le accentuate difficolt\u00e0 che affrontano insieme ai familiari verso i luoghi di cura e la stessa permanenza presso gli stessi luoghi lontani dal proprio focolare domestico.<\/span><\/div>\n<div>&nbsp;<\/div>\n\n\n\n<hr class=\"wp-block-separator has-alpha-channel-opacity\"\/>\n\n\n\n<p><a href=\"https:\/\/www.favo.it\/\" target=\"_blank\" rel=\"noopener\"><img decoding=\"async\" src=\"https:\/\/alabruzzo.it\/wp-content\/uploads\/2026_FAVO.jpeg\" width=\"100%\"><\/a><\/p>\n\n\n\n<hr class=\"wp-block-separator has-alpha-channel-opacity\"\/>\n\n\n\n<h1>Pasqua 2026<\/h1>\n<p>Le immagini di tutti gli eventi di Pasqua 2026<\/p>\n\n\nngg_shortcode_0_placeholder\n\n\n\n<hr class=\"wp-block-separator has-alpha-channel-opacity\"\/>\n\n\n\n<div class=\"wp-block-columns is-layout-flex wp-container-core-columns-is-layout-9d6595d7 wp-block-columns-is-layout-flex\">\n<div class=\"wp-block-column is-layout-flow wp-block-column-is-layout-flow\">\n<p><a href=\"https:\/\/alabruzzo.it\/index.php\/news\/gala-della-solidarieta-premi-per-20-associazioni-nella-24esima-edizione-dellevento-dedicato-al-volontariato\/\" data-wplink-edit=\"true\"><img loading=\"lazy\" decoding=\"async\" class=\"alignnone size-full wp-image-241\" src=\"https:\/\/alabruzzo.it\/wp-content\/uploads\/2025-12-20_Premio_associazioni_8.jpeg\" alt=\"\" width=\"2048\" height=\"1365\" srcset=\"https:\/\/alabruzzo.it\/wp-content\/uploads\/2025-12-20_Premio_associazioni_8.jpeg 2048w, https:\/\/alabruzzo.it\/wp-content\/uploads\/2025-12-20_Premio_associazioni_8-300x200.jpeg 300w, https:\/\/alabruzzo.it\/wp-content\/uploads\/2025-12-20_Premio_associazioni_8-1024x683.jpeg 1024w, https:\/\/alabruzzo.it\/wp-content\/uploads\/2025-12-20_Premio_associazioni_8-150x100.jpeg 150w, https:\/\/alabruzzo.it\/wp-content\/uploads\/2025-12-20_Premio_associazioni_8-768x512.jpeg 768w, https:\/\/alabruzzo.it\/wp-content\/uploads\/2025-12-20_Premio_associazioni_8-1536x1024.jpeg 1536w, https:\/\/alabruzzo.it\/wp-content\/uploads\/2025-12-20_Premio_associazioni_8-720x480.jpeg 720w, https:\/\/alabruzzo.it\/wp-content\/uploads\/2025-12-20_Premio_associazioni_8-520x347.jpeg 520w, https:\/\/alabruzzo.it\/wp-content\/uploads\/2025-12-20_Premio_associazioni_8-320x213.jpeg 320w\" sizes=\"auto, (max-width: 2048px) 100vw, 2048px\" \/><\/a><\/p>\n<\/div>\n\n\n\n<div class=\"wp-block-column is-layout-flow wp-block-column-is-layout-flow\">\n<h4 class=\"post-title entry-title\"><span style=\"color: #f2337c;\">Gal\u00e0 della solidariet\u00e0: premi per 20 associazioni nella 24esima edizione dell\u2019evento dedicato al volontariato<\/span><\/h4>\n<p class=\"p1\">21 Dicembre 2025 &#8211; Che grande<span class=\"Apple-converted-space\">&nbsp; <\/span>emozione.&nbsp;Siamo senza parole&#8230; Vincere il premio al Gran Gal\u00e0 della Solidariet\u00e0 \u00e8 un onore incredibile!<span class=\"Apple-converted-space\">&nbsp; <\/span>Grazie a tutti coloro che hanno creduto in noi , nel nostro lavoro e nella nostra trasparenza. Questo riconoscimento \u00e8 merito di tutta la squadra e di chi ogni giorno si impegna per fare la differenza.<\/p>\n<p>&nbsp;<\/p>\n<p>&nbsp;<\/p>\n<p>&nbsp;<\/p>\n<\/div>\n<\/div>\n","protected":false},"excerpt":{"rendered":"<p>L\u2019Associazione Regionale Contro le Leucemie, rappresenta i malati ematologici e tutela i loro diritti, affermando la priorit\u00e0 sociale della SALUTE. &nbsp; L\u2019Associazione &nbsp;ha per scopo, l\u2019organizzazione ed il miglioramento dei servizi e dell\u2019assistenza socio-sanitaria&#46;&#46;&#46;<\/p>\n","protected":false},"author":1,"featured_media":0,"parent":0,"menu_order":0,"comment_status":"closed","ping_status":"closed","template":"","meta":{"ngg_post_thumbnail":0,"_joinchat":[],"footnotes":""},"categories":[],"tags":[],"class_list":["post-16","page","type-page","status-publish","hentry"],"_links":{"self":[{"href":"https:\/\/alabruzzo.it\/index.php\/wp-json\/wp\/v2\/pages\/16","targetHints":{"allow":["GET"]}}],"collection":[{"href":"https:\/\/alabruzzo.it\/index.php\/wp-json\/wp\/v2\/pages"}],"about":[{"href":"https:\/\/alabruzzo.it\/index.php\/wp-json\/wp\/v2\/types\/page"}],"author":[{"embeddable":true,"href":"https:\/\/alabruzzo.it\/index.php\/wp-json\/wp\/v2\/users\/1"}],"replies":[{"embeddable":true,"href":"https:\/\/alabruzzo.it\/index.php\/wp-json\/wp\/v2\/comments?post=16"}],"version-history":[{"count":35,"href":"https:\/\/alabruzzo.it\/index.php\/wp-json\/wp\/v2\/pages\/16\/revisions"}],"predecessor-version":[{"id":326,"href":"https:\/\/alabruzzo.it\/index.php\/wp-json\/wp\/v2\/pages\/16\/revisions\/326"}],"wp:attachment":[{"href":"https:\/\/alabruzzo.it\/index.php\/wp-json\/wp\/v2\/media?parent=16"}],"wp:term":[{"taxonomy":"category","embeddable":true,"href":"https:\/\/alabruzzo.it\/index.php\/wp-json\/wp\/v2\/categories?post=16"},{"taxonomy":"post_tag","embeddable":true,"href":"https:\/\/alabruzzo.it\/index.php\/wp-json\/wp\/v2\/tags?post=16"}],"curies":[{"name":"wp","href":"https:\/\/api.w.org\/{rel}","templated":true}]}}